{"id":30,"date":"2025-07-01T20:25:58","date_gmt":"2025-07-01T20:25:58","guid":{"rendered":"https:\/\/abarca.pt\/?page_id=30"},"modified":"2025-07-01T20:25:58","modified_gmt":"2025-07-01T20:25:58","slug":"contas-2022","status":"publish","type":"page","link":"http:\/\/www.abarca.pt\/?page_id=30","title":{"rendered":"Contas 2022"},"content":{"rendered":"\n<div class=\"wp-block-columns alignwide is-layout-flex wp-container-core-columns-is-layout-28f84493 wp-block-columns-is-layout-flex\">\n<div class=\"wp-block-column is-layout-flow wp-block-column-is-layout-flow\" style=\"flex-basis:100%\">\n<div class=\"wp-block-columns is-layout-flex wp-container-core-columns-is-layout-28f84493 wp-block-columns-is-layout-flex\">\n<div class=\"wp-block-column is-layout-flow wp-block-column-is-layout-flow\" style=\"flex-basis:100%\">\n<div data-wp-interactive=\"core\/file\" class=\"wp-block-file\"><object data-wp-bind--hidden=\"!state.hasPdfPreview\" hidden class=\"wp-block-file__embed\" data=\"http:\/\/www.abarca.pt\/wp-content\/uploads\/2025\/07\/2022-Relatorio-e-Contas.pdf\" type=\"application\/pdf\" style=\"width:100%;height:600px\" aria-label=\"Incorpora\u00e7\u00e3o de 2022 - Relat\u00f3rio e Contas.\"><\/object><a id=\"wp-block-file--media-135adeb9-37f4-4482-b088-eb14d0e8010d\" href=\"http:\/\/www.abarca.pt\/wp-content\/uploads\/2025\/07\/2022-Relatorio-e-Contas.pdf\">2022 &#8211; Relat\u00f3rio e Contas<\/a><a href=\"http:\/\/www.abarca.pt\/wp-content\/uploads\/2025\/07\/2022-Relatorio-e-Contas.pdf\" class=\"wp-block-file__button wp-element-button\" download aria-describedby=\"wp-block-file--media-135adeb9-37f4-4482-b088-eb14d0e8010d\">Descarregar<\/a><\/div>\n<\/div>\n<\/div>\n<\/div>\n<\/div>\n\n\n\n<div data-wp-interactive=\"core\/file\" class=\"wp-block-file alignwide\"><object data-wp-bind--hidden=\"!state.hasPdfPreview\" hidden class=\"wp-block-file__embed\" data=\"http:\/\/www.abarca.pt\/wp-content\/uploads\/2025\/07\/2022-Relatorio-Anual.pdf\" type=\"application\/pdf\" style=\"width:100%;height:600px\" aria-label=\"Incorpora\u00e7\u00e3o de 2022 - Relat\u00f3rio Anual.\"><\/object><a id=\"wp-block-file--media-8ff7f8a1-36af-4ffc-b702-56fad82b3120\" href=\"http:\/\/www.abarca.pt\/wp-content\/uploads\/2025\/07\/2022-Relatorio-Anual.pdf\">2022 &#8211; Relat\u00f3rio Anual<\/a><a href=\"http:\/\/www.abarca.pt\/wp-content\/uploads\/2025\/07\/2022-Relatorio-Anual.pdf\" class=\"wp-block-file__button wp-element-button\" download aria-describedby=\"wp-block-file--media-8ff7f8a1-36af-4ffc-b702-56fad82b3120\">Descarregar<\/a><\/div>\n\n\n\n<div data-wp-interactive=\"core\/file\" class=\"wp-block-file alignwide\"><object data-wp-bind--hidden=\"!state.hasPdfPreview\" hidden class=\"wp-block-file__embed\" data=\"http:\/\/www.abarca.pt\/wp-content\/uploads\/2025\/07\/2022-Parecer-Conselho-Fiscal.pdf\" type=\"application\/pdf\" style=\"width:100%;height:600px\" aria-label=\"Incorpora\u00e7\u00e3o de 2022 - Parecer Conselho Fiscal.\"><\/object><a id=\"wp-block-file--media-16a350a1-011f-41d9-9df7-7bf5b8d4b04a\" href=\"http:\/\/www.abarca.pt\/wp-content\/uploads\/2025\/07\/2022-Parecer-Conselho-Fiscal.pdf\">2022 &#8211; Parecer Conselho Fiscal<\/a><a href=\"http:\/\/www.abarca.pt\/wp-content\/uploads\/2025\/07\/2022-Parecer-Conselho-Fiscal.pdf\" class=\"wp-block-file__button wp-element-button\" download aria-describedby=\"wp-block-file--media-16a350a1-011f-41d9-9df7-7bf5b8d4b04a\">Descarregar<\/a><\/div>\n","protected":false},"excerpt":{"rendered":"","protected":false},"author":1,"featured_media":0,"parent":0,"menu_order":0,"comment_status":"closed","ping_status":"closed","template":"","meta":{"footnotes":""},"class_list":["post-30","page","type-page","status-publish","hentry"],"_links":{"self":[{"href":"http:\/\/www.abarca.pt\/index.php?rest_route=\/wp\/v2\/pages\/30","targetHints":{"allow":["GET"]}}],"collection":[{"href":"http:\/\/www.abarca.pt\/index.php?rest_route=\/wp\/v2\/pages"}],"about":[{"href":"http:\/\/www.abarca.pt\/index.php?rest_route=\/wp\/v2\/types\/page"}],"author":[{"embeddable":true,"href":"http:\/\/www.abarca.pt\/index.php?rest_route=\/wp\/v2\/users\/1"}],"replies":[{"embeddable":true,"href":"http:\/\/www.abarca.pt\/index.php?rest_route=%2Fwp%2Fv2%2Fcomments&post=30"}],"version-history":[{"count":1,"href":"http:\/\/www.abarca.pt\/index.php?rest_route=\/wp\/v2\/pages\/30\/revisions"}],"predecessor-version":[{"id":34,"href":"http:\/\/www.abarca.pt\/index.php?rest_route=\/wp\/v2\/pages\/30\/revisions\/34"}],"wp:attachment":[{"href":"http:\/\/www.abarca.pt\/index.php?rest_route=%2Fwp%2Fv2%2Fmedia&parent=30"}],"curies":[{"name":"wp","href":"https:\/\/api.w.org\/{rel}","templated":true}]}}

<div class="wp-block-columns alignwide is-layout-flex wp-container-core-columns-is-layout-28f84493 wp-block-columns-is-layout-flex">
<div class="wp-block-column is-layout-flow wp-block-column-is-layout-flow" style="flex-basis:100%">
<div class="wp-block-columns is-layout-flex wp-container-core-columns-is-layout-28f84493 wp-block-columns-is-layout-flex">
<div class="wp-block-column is-layout-flow wp-block-column-is-layout-flow" style="flex-basis:100%">
<div data-wp-interactive="core/file" class="wp-block-file"><object data-wp-bind--hidden="!state.hasPdfPreview" hidden class="wp-block-file__embed" data="http://www.abarca.pt/wp-content/uploads/2025/07/2022-Relatorio-e-Contas.pdf" type="application/pdf" style="width:100%;height:600px" aria-label="Incorporação de 2022 - Relatório e Contas."></object><a id="wp-block-file--media-135adeb9-37f4-4482-b088-eb14d0e8010d" href="http://www.abarca.pt/wp-content/uploads/2025/07/2022-Relatorio-e-Contas.pdf">2022 &#8211; Relatório e Contas</a><a href="http://www.abarca.pt/wp-content/uploads/2025/07/2022-Relatorio-e-Contas.pdf" class="wp-block-file__button wp-element-button" download aria-describedby="wp-block-file--media-135adeb9-37f4-4482-b088-eb14d0e8010d">Descarregar</a></div>
</div>
</div>
</div>
</div>



<div data-wp-interactive="core/file" class="wp-block-file alignwide"><object data-wp-bind--hidden="!state.hasPdfPreview" hidden class="wp-block-file__embed" data="http://www.abarca.pt/wp-content/uploads/2025/07/2022-Relatorio-Anual.pdf" type="application/pdf" style="width:100%;height:600px" aria-label="Incorporação de 2022 - Relatório Anual."></object><a id="wp-block-file--media-8ff7f8a1-36af-4ffc-b702-56fad82b3120" href="http://www.abarca.pt/wp-content/uploads/2025/07/2022-Relatorio-Anual.pdf">2022 &#8211; Relatório Anual</a><a href="http://www.abarca.pt/wp-content/uploads/2025/07/2022-Relatorio-Anual.pdf" class="wp-block-file__button wp-element-button" download aria-describedby="wp-block-file--media-8ff7f8a1-36af-4ffc-b702-56fad82b3120">Descarregar</a></div>



<div data-wp-interactive="core/file" class="wp-block-file alignwide"><object data-wp-bind--hidden="!state.hasPdfPreview" hidden class="wp-block-file__embed" data="http://www.abarca.pt/wp-content/uploads/2025/07/2022-Parecer-Conselho-Fiscal.pdf" type="application/pdf" style="width:100%;height:600px" aria-label="Incorporação de 2022 - Parecer Conselho Fiscal."></object><a id="wp-block-file--media-16a350a1-011f-41d9-9df7-7bf5b8d4b04a" href="http://www.abarca.pt/wp-content/uploads/2025/07/2022-Parecer-Conselho-Fiscal.pdf">2022 &#8211; Parecer Conselho Fiscal</a><a href="http://www.abarca.pt/wp-content/uploads/2025/07/2022-Parecer-Conselho-Fiscal.pdf" class="wp-block-file__button wp-element-button" download aria-describedby="wp-block-file--media-16a350a1-011f-41d9-9df7-7bf5b8d4b04a">Descarregar</a></div>
