{"id":55,"date":"2025-07-01T20:30:50","date_gmt":"2025-07-01T20:30:50","guid":{"rendered":"https:\/\/abarca.pt\/?page_id=55"},"modified":"2025-07-01T20:30:50","modified_gmt":"2025-07-01T20:30:50","slug":"contas-2020","status":"publish","type":"page","link":"http:\/\/www.abarca.pt\/?page_id=55","title":{"rendered":"Contas 2020"},"content":{"rendered":"\n<div data-wp-interactive=\"core\/file\" class=\"wp-block-file alignwide\"><object data-wp-bind--hidden=\"!state.hasPdfPreview\" hidden class=\"wp-block-file__embed\" data=\"http:\/\/www.abarca.pt\/wp-content\/uploads\/2025\/07\/2020-Ata-AG.pdf\" type=\"application\/pdf\" style=\"width:100%;height:600px\" aria-label=\"Incorpora\u00e7\u00e3o de 2020 - Ata AG.\"><\/object><a id=\"wp-block-file--media-15131398-5cce-4a78-8079-50f09d369ecc\" href=\"http:\/\/www.abarca.pt\/wp-content\/uploads\/2025\/07\/2020-Ata-AG.pdf\">2020 &#8211; Ata AG<\/a><a href=\"http:\/\/www.abarca.pt\/wp-content\/uploads\/2025\/07\/2020-Ata-AG.pdf\" class=\"wp-block-file__button wp-element-button\" download aria-describedby=\"wp-block-file--media-15131398-5cce-4a78-8079-50f09d369ecc\">Descarregar<\/a><\/div>\n\n\n\n<div data-wp-interactive=\"core\/file\" class=\"wp-block-file alignwide\"><object data-wp-bind--hidden=\"!state.hasPdfPreview\" hidden class=\"wp-block-file__embed\" data=\"http:\/\/www.abarca.pt\/wp-content\/uploads\/2025\/07\/2020-Declaracao-de-Responsabilidade.pdf\" type=\"application\/pdf\" style=\"width:100%;height:600px\" aria-label=\"Incorpora\u00e7\u00e3o de 2020 - Declara\u00e7\u00e3o de Responsabilidade.\"><\/object><a id=\"wp-block-file--media-e9bb5f92-4be0-4a64-b1f3-07e11ab10b1a\" href=\"http:\/\/www.abarca.pt\/wp-content\/uploads\/2025\/07\/2020-Declaracao-de-Responsabilidade.pdf\">2020 &#8211; Declara\u00e7\u00e3o de Responsabilidade<\/a><a href=\"http:\/\/www.abarca.pt\/wp-content\/uploads\/2025\/07\/2020-Declaracao-de-Responsabilidade.pdf\" class=\"wp-block-file__button wp-element-button\" download aria-describedby=\"wp-block-file--media-e9bb5f92-4be0-4a64-b1f3-07e11ab10b1a\">Descarregar<\/a><\/div>\n\n\n\n<div data-wp-interactive=\"core\/file\" class=\"wp-block-file alignwide\"><object data-wp-bind--hidden=\"!state.hasPdfPreview\" hidden class=\"wp-block-file__embed\" data=\"http:\/\/www.abarca.pt\/wp-content\/uploads\/2025\/07\/2020-Parecer-Conselho-Fiscal.pdf\" type=\"application\/pdf\" style=\"width:100%;height:600px\" aria-label=\"Incorpora\u00e7\u00e3o de 2020 - Parecer Conselho Fiscal.\"><\/object><a id=\"wp-block-file--media-3da516e7-4182-4c88-ad64-b14dd61242f3\" href=\"http:\/\/www.abarca.pt\/wp-content\/uploads\/2025\/07\/2020-Parecer-Conselho-Fiscal.pdf\">2020 &#8211; Parecer Conselho Fiscal<\/a><a href=\"http:\/\/www.abarca.pt\/wp-content\/uploads\/2025\/07\/2020-Parecer-Conselho-Fiscal.pdf\" class=\"wp-block-file__button wp-element-button\" download aria-describedby=\"wp-block-file--media-3da516e7-4182-4c88-ad64-b14dd61242f3\">Descarregar<\/a><\/div>\n\n\n\n<div data-wp-interactive=\"core\/file\" class=\"wp-block-file alignwide\"><object data-wp-bind--hidden=\"!state.hasPdfPreview\" hidden class=\"wp-block-file__embed\" data=\"http:\/\/www.abarca.pt\/wp-content\/uploads\/2025\/07\/2020-Relatorio-e-Contas.pdf\" type=\"application\/pdf\" style=\"width:100%;height:600px\" aria-label=\"Incorpora\u00e7\u00e3o de 2020 - Relat\u00f3rio e Contas.\"><\/object><a id=\"wp-block-file--media-eb666f68-5ac8-4111-9d85-df93a64d6bfa\" href=\"http:\/\/www.abarca.pt\/wp-content\/uploads\/2025\/07\/2020-Relatorio-e-Contas.pdf\">2020 &#8211; Relat\u00f3rio e Contas<\/a><a href=\"http:\/\/www.abarca.pt\/wp-content\/uploads\/2025\/07\/2020-Relatorio-e-Contas.pdf\" class=\"wp-block-file__button wp-element-button\" download aria-describedby=\"wp-block-file--media-eb666f68-5ac8-4111-9d85-df93a64d6bfa\">Descarregar<\/a><\/div>\n","protected":false},"excerpt":{"rendered":"","protected":false},"author":1,"featured_media":0,"parent":0,"menu_order":0,"comment_status":"closed","ping_status":"closed","template":"","meta":{"footnotes":""},"class_list":["post-55","page","type-page","status-publish","hentry"],"_links":{"self":[{"href":"http:\/\/www.abarca.pt\/index.php?rest_route=\/wp\/v2\/pages\/55","targetHints":{"allow":["GET"]}}],"collection":[{"href":"http:\/\/www.abarca.pt\/index.php?rest_route=\/wp\/v2\/pages"}],"about":[{"href":"http:\/\/www.abarca.pt\/index.php?rest_route=\/wp\/v2\/types\/page"}],"author":[{"embeddable":true,"href":"http:\/\/www.abarca.pt\/index.php?rest_route=\/wp\/v2\/users\/1"}],"replies":[{"embeddable":true,"href":"http:\/\/www.abarca.pt\/index.php?rest_route=%2Fwp%2Fv2%2Fcomments&post=55"}],"version-history":[{"count":1,"href":"http:\/\/www.abarca.pt\/index.php?rest_route=\/wp\/v2\/pages\/55\/revisions"}],"predecessor-version":[{"id":60,"href":"http:\/\/www.abarca.pt\/index.php?rest_route=\/wp\/v2\/pages\/55\/revisions\/60"}],"wp:attachment":[{"href":"http:\/\/www.abarca.pt\/index.php?rest_route=%2Fwp%2Fv2%2Fmedia&parent=55"}],"curies":[{"name":"wp","href":"https:\/\/api.w.org\/{rel}","templated":true}]}}